der when q/2 + (-31)/(-2) is divided by 9?
7
Let g be (2/(-6))/(1/(-6)). Suppose -5*x - 4*f = 52, g*x - 2*f + 0*f + 10 = 0. Calculate the remainder when 14 is divided by (-10 + 4)/(6/x).
6
Let b(z) = 10*z**3 - 2*z**2 + 3*z - 4. What is the remainder when b(2) is divided by 7?
4
Suppose i + 5*z + 10 = 0, i + 4*z + 4 = -3. Suppose 7 = 5*f - 4*v, -f = -0*f + v - i. What is the remainder when 9 is divided by f?
0
Suppose -4*m = -7*m + 102. Calculate the remainder when (-15)/((-78)/(-27) + -3) is divided by m.
33
Suppose 0 = 3*u - 5*x - 34, 0*x - 2*x = 5*u - 5. Suppose 2*v - 5*o - 75 = -u*v, -3*o = 3*v - 57. What is the remainder when v is divided by 9?
8
Let j = 64 - 43. Suppose 2*k + k = j. Calculate the remainder when k is divided by 4.
3
What is the remainder when 5 is divided by (1/3)/(1/12)?
1
Let u = 101 + -58. What is the remainder when u is divided by 16?
11
Let b = -4 - -6. Let o(a) = -7 + 0*a + 4*a - a**3 - 5*a**b - 1. Calculate the remainder when 6 is divided by o(-6).
2
Let t(z) = z**2 - 9*z + 7. Let o be t(8). Let r = o - -1. Let q = 6 + r. What is the remainder when 17 is divided by q?
5
Suppose -l = -3*l + 24. Suppose 11*s + 121 = 352. Calculate the remainder when s is divided by l.
9
Suppose -3*c - 9 + 25 = -4*j, -3*j - 3 = 0. What is the remainder when 13 is divided by c?
1
Let v = -3 + 0. Let t = v - -26. Suppose 32 = -5*p + 9*p. What is the remainder when t is divided by p?
7
Let r be (-1)/(-2)*(-420)/(-1). Suppose -2*p - r = -5*m + 2*m, -53 = -m - 5*p. What is the remainder when m is divided by 23?
22
Let t be (27/(-15))/((-9)/30). Let l(x) = 13*x - 8. What is the remainder when l(t) is divided by 36?
34
Let c = -7 + 19. Calculate the remainder when 47 is divided by c.
11
Let d = 70 + -39. What is the remainder when d is divided by 7?
3
Let m be (-3 + 2)/(2/(-4)). What is the remainder when 17/((4/2)/m) is divided by 6?
5
Let c(f) = f**3 + 8*f**2 - 11*f - 7. Calculate the remainder when 42 is divided by c(-9).
9
Let i = 20 - -15. Calculate the remainder when 69 is divided by i.
34
Calculate the remainder when 82*(-6)/12*1/(-1) is divided by 4.
1
Let i = 3 + 18. Suppose -5*m + i = -4. Suppose f + m = 14. Calculate the remainder when f is divided by 3.
0
Calculate the remainder when 6 is divided by (-2)/((-27)/21 + 1) - 3.
2
What is the remainder when 143 is divided by ((-40)/(-12) - 4)*-54?
35
Let y be 3*(-6)/27*-3. Calculate the remainder when 19 is divided by ((40/2)/y)/1.
9
Suppose -2*o + 127 + 45 = 0. Calculate the remainder when o is divided by 22.
20
Let w = -18 - -57. Suppose 5*g - 9 = -4*x + w, -32 = -3*g - 4*x. Let p = 82 - 77. What is the remainder when g is divided by p?
3
Suppose f = -7 + 18. What is the remainder when f is divided by 4?
3
What is the remainder when 874/57 + 2/3 is divided by 2?
0
Let d(k) = k**2 + 2*k + 4. What is the remainder when 33 is divided by d(-3)?
5
Let f(y) = 3*y - 1. Let c(g) = -10*g + 4. Let h(a) = -2*c(a) - 7*f(a). What is the remainder when 3/((-3)/(-14)) - 1 is divided by h(-6)?
3
Suppose 3*v - 18 = 4*m - m, 4*v - 56 = -4*m. What is the remainder when 33 is divided by v?
3
Let q = 123 - 74. Let u = q - 24. What is the remainder when u is divided by 9?
7
What is the remainder when 30 is divided by 12 - ((-8)/(-4) - (2 - 1))?
8
Suppose 10 + 42 = 2*t. What is the remainder when 103 is divided by t?
25
What is the remainder when 12 is divided by 3*8/3 - 3?
2
Suppose -4*v + 58 = -10. Let w = v - 3. What is the remainder when 25 is divided by w?
11
Let p(v) = -v**3 - 3*v**2 - v + 3. Calculate the remainder when p(-4) is divided by 9.
5
Suppose 12*i - 7*i = 65. Calculate the remainder when 23 is divided by i.
10
Let n = 1 - -2. Suppose 2*q = -5*v, -3*q = -v - 20 + n. Suppose -q*k + 49 = 14. What is the remainder when 12 is divided by k?
5
Suppose 2*h - 2*p = 3*h - 72, -4*p = 4*h - 284. Calculate the remainder when h is divided by 9.
7
Suppose -5*r - 3 = -5*w + 12, 2*w + r - 3 = 0. Suppose -w*c = c - 45. Let t = -26 - -69. What is the remainder when t is divided by c?
13
Suppose -4*h + 70 = -2*h. Let r = -12 - -24. Calculate the remainder when h is divided by r.
11
Let b(q) = 2*q**2 + 6*q. Suppose -2*p = -4*p + 114. Calculate the remainder when p is divided by b(-5).
17
Suppose 3*v + 4*s - 8 = 0, 3*v = -s - 0*s + 11. What is the remainder when 16 is divided by v?
0
Suppose d - 81 = 3*t, 16 = -5*t - 4. What is the remainder when d is divided by 35?
34
Suppose -17*b = -20*b + 24. Calculate the remainder when 10 is divided by b.
2
Let t(i) be the first derivative of -i**2 + 6*i - 2. Let x be t(4). Let b = 5 + x. What is the remainder when 4 is divided by b?
1
Suppose 0 = -5*a + 37 + 98. Suppose n + 0*n - 7 = 0. Let c = n + 0. Calculate the remainder when a is divided by c.
6
Let p(l) = -3*l - l + 0*l**2 - l**2 + 4. Let h be p(-5). Calculate the remainder when 21 is divided by (-10 + h)/(1 - 2).
10
Suppose -3 = -3*c + 4*c. Let p = c + 8. Let b = -40 + 59. What is the remainder when b is divided by p?
4
Suppose -c + 0 = 3. What is the remainder when (-6)/(1 + 22/(-18)) is divided by 13 + c/(-3) + 0?
13
What is the remainder when 10 is divided by (4 - 3)*-1*7*-1?
3
Let b(u) = -7*u - 3. Let w be b(-3). Let m = w - 10. Calculate the remainder when m is divided by 5.
3
Suppose -x + 3*x = 3*u - 87, x = -4*u + 105. What is the remainder when 77 is divided by u?
23
Let f(i) = 11*i. Let c(t) = -12*t - 1. Let w(z) = -3*c(z) - 4*f(z). What is the remainder when w(-3) is divided by 7?
6
Suppose -2*p - 106 = -5*l, 4*l - 2*p = p + 89. What is the remainder when l is divided by 13?
7
Let a(g) = 9*g**3 + g**2 + g - 1. Let n be (2/4)/(5/10). Calculate the remainder when 37 is divided by a(n).
7
Let j(h) = -5*h + 3. Let s(i) = -i + 1. Let r(a) = -2*j(a) + 4*s(a). Let l be r(-4). Let k = l + 45. Calculate the remainder when k is divided by 7.
5
Let w = 184 + -51. Suppose 0 = -5*z - 5*l + 165, -4*l = 4*z - l - w. Suppose 4*v + 21 = 69. What is the remainder when z is divided by v?
10
Suppose 0 = -3*s + 4*w + 635, -7*w = s - 5*w - 195. Suppose -4*y - 5*x + s = 0, -y + 0*x + 65 = 4*x. Calculate the remainder when y is divided by 12.
9
Let b = 17 - -13. Calculate the remainder when b is divided by 8.
6
Let j be 9/(-2) + (-2)/4. Let d = j - -6. What is the remainder when 3 is divided by d?
0
Let l = -1 - -5. Suppose -l*p + 57 = 145. Let s = p - -33. Calculate the remainder when s is divided by 6.
5
Let m be 0 - ((1 - -1) + -1). Let t = 6 - 4. What is the remainder when 4 + m + 2 + 0 is divided by t?
1
Calculate the remainder when -1 - -41 - 3/(7 + -10) is divided by 15.
11
Let z = 29 - 15. Let f = 42 + -15. Calculate the remainder when f is divided by z.
13
Suppose 3*h - 33 = -p, -4*p + 111 + 54 = h. Suppose -4*b - 3*j + 12 = -p, 26 = 2*b + 2*j. What is the remainder when 43 is divided by b?
13
Suppose -w + 21 = -21. Suppose 2*l = -p + 24, -2*l + p + w = 2*l. Calculate the remainder when l is divided by 6.
5
Suppose -5*h + 3 = -7. Suppose q = -h*z + 3 + 19, 69 = 3*q + 3*z. What is the remainder when q is divided by 0 - (-2 - -4 - 15)?
11
Let l(p) = -p - 4. Let q be l(0). What is the remainder when 16 is divided by 3/(-12) + (-37)/q?
7
Suppose 3*n = -74 + 203. Let a = 5 + 10. Calculate the remainder when n is divided by a.
13
Let q(b) = -b**3 + 5*b**2 + b - 4. Let l be q(5). Calculate the remainder when 447/21 - (-12)/(-42) is divided by -16*(l/2 - 1).
5
Let q(t) be the second derivative of -t**5/20 + t**4/4 + t**3 - 3*t**2 - 2*t. What is the remainder when 5 is divided by q(4)?
1
Let v(b) = -b - 16. Let l be v(8). Let f = -18 - l. Calculate the remainder when 14 is divided by f.
2
Let q = -54 + 79. Calculate the remainder when q is divided by 7.
4
Let s(q) = -q**3 - 4*q**2 + 7*q. Let r be s(-5). Calculate the remainder when (-2)/5 - 114/r is divided by 6.
5
Suppose 12 + 0 = f. Let v be 13 + 0 + (-9)/3. Calculate the remainder when 7/(-2)*v/(-1) is divided by f.
11
Let d be (3/(-6))/((-1)/6). Suppose 2*z - 5*w - 2 = 0, 3*z + d*w - 14 = -53. Calculate the remainder when (4/(-3))/(6/z) is divided by 1.
0
Suppose -6*z + 30 = -z. What is the remainder when z is divided by 2?
0
Let f = 4 + -4. Suppose g + g - 58 = f. What is the remainder when g is divided by 16?
13
Suppose 2*a - 43 = -17. Suppose 2*y = 4*h - 1 - a, -3*h